14/y. Let b = -160 + p. Is b composite?
False
Let w be (15/(-6))/(6 - 462/72). Is (-10)/(360/(-17268)) - 4/w prime?
True
Let n = 2 + -1. Suppose 0 = -4*g + 2*w + 10 + 6, -6 = 3*g + 3*w. Is (g + (-18)/6)*(-719)/n a composite number?
False
Let o(z) = 12*z + 19229 - 5014 - 43*z. Is o(0) prime?
False
Suppose -4*h + l + 116 = 0, -3*h + 92 = -l + 6. Suppose q + h = 4*o + 11, o = q + 4. Suppose -1377 = -o*r + 3958. Is r prime?
False
Suppose 61*s = 12871794 - 4992973. Is s a composite number?
True
Let m(x) = -x + 13. Let v = -64 - -75. Let t be m(v). Let b(k) = 552*k - 17. Is b(t) a prime number?
True
Let u(y) = 5925*y**2 - 1871*y + 7503. Is u(4) a prime number?
True
Let v = 58476 - 41317. Is v a prime number?
True
Let i(d) = 5*d**2 - 2*d - 1. Suppose 2 = 2*f - 0. Let g be i(f). Suppose g*u - 6 = 0, -398 + 33 = -n + 4*u. Is n composite?
True
Suppose 6*g - 7833 + 53439 = 0. Let u = g - -20830. Is u a composite number?
False
Suppose -2*o - 1346 = 3482. Let q be 1/((-14)/8) - o/(-14). Let j = -52 - q. Is j a prime number?
False
Let o = 12203 - 1625. Suppose -127037 + o = -7*k. Is k prime?
False
Let v(k) = -k**3 - 3*k**2 + 6*k + 4. Let d be v(-5). Let o = d - 25. Let m(z) = 249*z**2 + 3*z + 3. Is m(o) composite?
True
Suppose 2196615 = -51*x + 66*x. Is x a composite number?
True
Let k(l) = 74*l**2 - 9*l + 34. Let h be k(19). Suppose -3*n + 4*o = n - 21252, 5*n - 2*o - h = 0. Is n a composite number?
True
Let v(w) be the second derivative of -35*w**4/24 + 20*w**3/3 + 2*w**2 + 26*w. Let c(u) be the first derivative of v(u). Is c(-17) composite?
True
Let l = -5554 - -10267. Is ((-38)/6 - -6)/((-1)/l) composite?
False
Is -1 - -9 - (-10847 + (0 - -2)) a composite number?
False
Let u(d) = 2*d**3 + 34*d**2 - 14*d + 61. Is u(34) prime?
True
Let u(i) = -5641*i + 10. Let g be u(-3). Suppose g + 2017 = 5*j + 3*n, -5*j + 18955 = 4*n. Is j a prime number?
False
Let w(o) = 1 + 84*o**2 - 93*o**2 + 0 - o**3 - o. Is w(-12) a composite number?
True
Let a(m) = -25*m - 79*m + 28 - 29*m - 34*m. Is a(-5) prime?
True
Suppose -3*i - 2 = 7, 0 = 2*d + 4*i. Suppose -c - 3*u = -3025, -5*u + 8*u - d = 0. Is c a prime number?
True
Let q(h) = 34212*h**2 + 181*h - 1047. Is q(10) a composite number?
True
Suppose 2*q = -326*i + 327*i - 274543, 5*i = q + 1372706. Is i a prime number?
False
Let l(g) be the third derivative of 1721*g**5/60 - g**3/2 - 5*g**2. Let i(c) = 7*c - 51. Let w be i(7). Is l(w) a prime number?
False
Let z(f) = 19242*f**2 + 72*f + 17. Is z(-5) prime?
True
Let d be (-4)/((21/(-9))/7). Let s be (d/(-15))/(8/(-20)). Suppose -r + s*r - 1043 = 0. Is r prime?
False
Let c(d) = 5*d + 115. Let w be c(4). Suppose w*b + 20769 = 156*b. Is b a prime number?
False
Suppose -3*t - 5*u = -18464, -32*u = -4*t - 35*u + 24637. Is t prime?
True
Suppose -j - 3*m + 42421 = 0, m + 4*m = 4*j - 169650. Suppose 112575 = 22*q - j. Is q composite?
True
Let b = 10 - 18. Is (-1266)/9*24/b a composite number?
True
Let l = -47332 + 100751. Is l a composite number?
False
Let k(a) = 421*a**2 - 97*a + 635. Is k(-35) a composite number?
True
Let z be 9/(9/2)*-1. Let s(m) = -210*m - 3. Let u be s(z). Suppose -2*i = -u - 49. Is i a composite number?
False
Let o = -139 + 144. Is (240 - 1)/(((-1)/o)/(-1)) prime?
False
Let c(s) = 7342*s**3 - 13*s**2 - 30*s + 78. Is c(5) composite?
False
Let q(d) = -2*d**3 + 53*d**2 - 28*d + 52. Let m be q(26). Is (m + 5 + 12 + 0)*137 composite?
True
Suppose 5*o = 5*g - 47990, -o = 2*g + 3*o - 19214. Is g composite?
False
Let r be -392*(247/(-52) + 3/1). Suppose -r = z - 3841. Is z prime?
False
Let y(t) = 83*t**2 - 9*t + 17. Let z(p) = -2*p - 44. Let v be z(-22). Let l be -1 + -1 + 3 + v + 1. Is y(l) a prime number?
True
Let d = 272265 - 652. Is d a prime number?
False
Let i = 509804 + -145453. Is i prime?
False
Let x(n) = n**3 - 5*n**2 - 18*n + 38. Let v be x(7). Is (692/v)/(-8*7/(-1540)) a composite number?
True
Let n(k) be the third derivative of -k**5/60 + k**4/6 + 2063*k**3/6 + 28*k**2. Is n(0) composite?
False
Suppose 5*z + 570 = 5*g, -2*g + 216 = -4*z + 5*z. Suppose 0 = 3*l + l - 12. Suppose 0 = -l*d + g + 1147. Is d prime?
True
Let s be (-5)/20 - 162/(-8). Suppose -3*h - 2*h = -3*j - 151, 4*j + s = h. Is (538/4)/(16/h) composite?
False
Let v = 182 - 177. Suppose v*t = 4*y - 65319, -3*y = -0*y - 2*t - 48991. Is y a composite number?
True
Suppose 3*v - 381139 = 5*y + 47238, 0 = -4*v - y + 571200. Is v composite?
False
Let m(k) = -2*k**2 + 13*k + 27. Let u be m(8). Suppose u*l - 8*l = -8285. Is l composite?
False
Let c = 51 - 126. Is c/(-175) + (-6700)/(-14) a composite number?
False
Let k(c) = 1692*c + 49 - 1715*c - c**2 - 3. Let r be k(-25). Is (44/66)/(r/(-762)) a prime number?
True
Let o(w) = -5*w**2 + 28*w - 24. Let m be o(-20). Let g = m + 4533. Is g a prime number?
True
Let h(o) = -17023*o**3 + 7*o**2 + 7*o - 3. Is h(-2) a composite number?
True
Let o(c) = c**2 - 6*c + 11. Let m be o(3). Suppose -r = -3*q + 634 - m, 0 = 5*r - 5. Is q a composite number?
False
Let t(h) = -708*h + 29. Let o(m) = -710*m + 30. Let y(u) = 2*o(u) - 3*t(u). Is y(4) a composite number?
False
Suppose 4*h - 3*m = -2492, 2*h = 7*h + 5*m + 3115. Let q = -532 - h. Is q prime?
False
Let t be 65/52*4/10*-4. Let w(n) = -255*n - 11. Let l be w(t). Let q = l - -72. Is q prime?
True
Let u = -152 - -161. Suppose u*f - 4955 = 4*f. Is f a prime number?
True
Let y(r) be the third derivative of 7*r**5/15 - 11*r**4/8 - 2*r**3 - 2*r**2 - 76. Is y(-19) a composite number?
False
Suppose 0 = 10*h - 4*h + 192*h - 97249878. Is h a prime number?
False
Let c = -28 - -20. Let a(f) be the second derivative of 5*f**4/12 + 4*f**3/3 + 35*f**2/2 + 9*f - 1. Is a(c) prime?
False
Let z = 653875 - 386928. Is z prime?
True
Let x(m) = 465*m**2 - 9*m - 67. Is x(13) a prime number?
True
Let p(y) = 648*y**2 + 172*y + 503. Is p(-33) composite?
False
Is 59342 - 0 - (55 - 64) composite?
False
Let d be ((-3)/(24/(-76)))/(1/2). Let m = d + -24. Let b(k) = -5*k**3 + 6*k**2 + 9*k + 21. Is b(m) a prime number?
True
Let s(l) = 2*l**2 - 11*l - 4. Let t be s(6). Suppose 9 = -t*w + 1. Let p(i) = 7*i**2 - 5*i + 9. Is p(w) a composite number?
True
Suppose 11*f - 10*f - 2*m = 39251, -4*m = -5*f + 196261. Is f a prime number?
False
Suppose 0 = -5*k + 3*v + 297670, -4*k = 11*v - 6*v - 238173. Is k composite?
True
Let d = 213445 - -1337926. Is d prime?
True
Let k be (8 + -8 + -2)/((-2)/458). Suppose 0 = i + 3*g - k, 0 = i - 4*g + 5*g - 464. Is i a prime number?
True
Suppose -4*d - 2*v + 42248 = 0, 2*d - v - 6*v - 21108 = 0. Is d a composite number?
True
Suppose 3*o - o = -3*g + 45, 5*o = -2*g + 140. Suppose o*u = 37*u - 25865. Is u composite?
True
Suppose 0 = -14*c + 10*c + 72. Is 6/c*12 + 7257 a prime number?
False
Suppose -14*c + 12*c = -166. Suppose -14*g = 5*g - 1710. Let f = g - c. Is f composite?
False
Let v(r) = 31*r**2 - 12*r - 29. Let h(d) = d**2 - 8*d + 8. Suppose -31 = -7*o - 3. Let s be h(o). Is v(s) a composite number?
True
Let x(n) be the third derivative of 7/6*n**3 + 0 + 35*n**2 + 0*n + 19/2*n**4. Is x(4) a composite number?
False
Let o be -1*2 + (-2)/(-2). Let v be (-144)/18 - (-20)/3 - 5/3. Is v - (4 + -40) - o a prime number?
False
Let q = 46 + -34. Suppose 0 = 4*w - 2*w + 8. Is 38432/q - w/12 a composite number?
False
Suppose 73*c - 82*c + 135 = 0. Is 204710/c + ((-60)/(-9))/4 composite?
False
Let d = -3159875 + 4769602. Is d a composite number?
True
Suppose 228*d - 57869331 = 372586689. Is d a composite number?
True
Let j(q) = -16*q - 82. Let g be j(-5). Let l(b) = 295*b**2 - 20*b - 2 - 5 + 13*b. Is l(g) composite?
False
Let d = 5 + 0. Let b(w) = w**3 + 39*w**2 - 43*w - 115. Let y be b(-40). Suppose -2*s = -y*g - 2159, d = g + 2. Is s a composite number?
False
Let u = -80 - -86. Is -1*(-13692)/(-8)*u/(-9) a prime number?
False
Let x = -9502 + 18605. Is x a prime number?
True
Let n(l) be the second derivative of -239*l**5/20 - l**4/6 - 7*l**3/6 - 5*l**2/2 - 65*l + 1. Is n(-2) composite?
False
Suppose 61329 = r - 4*n, 54*n = 50*n + 32. Is r a composite number?
True
Let w be -5 + (-1 - -2) + 430950/85. Let z = w + -3427. Is z a prime number?
False
Suppose 7*o = 8*o - 2. Suppose -336 = o*h - 1310. Is h a prime number?
True
Is 2*(-1)/2 - (-34328 + (-114)/(-19)) a composite number?
True
Suppose -4*b - 22 = 50. Let i(h) = -32*h +